j. What is the highest common divisor of y and j?
26
Let d(p) = p**2 + 3*p - 14. Let g be d(-6). Let c = -50 - -62. Let a = c + 16. What is the greatest common divisor of g and a?
4
Suppose -334 + 204 = -10*x. Let b = -26 - -28. Suppose 4*w = 2*j + b*w - 26, -j - 3*w + 13 = 0. Calculate the greatest common divisor of x and j.
13
Suppose 0 = -z + 3*u - 16, 98*z - 3*u + 14 = 96*z. What is the greatest common divisor of 370 and z?
2
Suppose -134*g = 55*g - 15*g - 312156. What is the highest common factor of g and 759?
69
Let w = -117 - -172. Suppose w*r = 47*r + 240. What is the highest common factor of 40 and r?
10
Let k(g) = g**3 + 20*g**2 + 17*g + 30. Let o be 9*-2 - (15 + -14). Let y be k(o). Calculate the highest common factor of y and 85.
17
Let x(a) be the first derivative of 1/4*a**4 - 5*a**2 - 7/3*a**3 - 12*a - 11. Let f be x(9). What is the greatest common factor of 90 and f?
30
Let g(t) = 2*t + 20. Let w be g(-10). Suppose 6*d - 318 - 594 = w. Calculate the highest common factor of d and 8.
8
Suppose z - 346*l - 27 = -351*l, -4*l = 3*z - 81. What is the greatest common divisor of z and 639?
9
Suppose -9*k - 10291 - 10772 = -68*k. Calculate the highest common factor of k and 3451.
119
Suppose 0 = -8*l + 3*l + q - 13, l + 7 = -2*q. Let g = 7 + l. Let j be 1 + -1 + 132/g. Calculate the highest common divisor of 11 and j.
11
Let f = 599 - -241. What is the greatest common factor of f and 525?
105
Let b be (-3 - -7)*7/2. Let n be (23/(-4) + 57/76)*-1. Suppose -3*i - 2*k = -n*k - 9, -5*i - 2*k + 43 = 0. What is the highest common factor of i and b?
7
Let n = -11 + -25. Let d = 43 + n. Calculate the highest common divisor of d and 175.
7
Let h(s) be the second derivative of -s**3/2 - 13*s**2 - 7*s. Let b = 90 + -106. Let d be h(b). Calculate the greatest common divisor of d and 55.
11
Let d = -3513 + 3766. What is the greatest common factor of 483 and d?
23
Let a = 577 - 49. Suppose -k = -47 - a. Calculate the greatest common divisor of k and 23.
23
Suppose -2*w + 20 = -7*w, 26 = 3*t + w. Suppose -13*o + 23*o = 11*o. Let y be 16*7 + ((-12)/6 - o). Calculate the highest common factor of t and y.
10
Suppose 0 = y + 3*h + 282, -4*y - 5*h = -9*y - 1430. Let s be ((-96)/(-2))/((y/10)/(-19)). Calculate the highest common factor of s and 64.
32
Suppose 14 = 4*o - 3*t, 4*o - 7*o = -3*t - 12. Suppose 12*y = o*y + 10. Let q be (-90)/4*y*(-40)/25. Calculate the highest common factor of 180 and q.
36
Let m(w) = -w**2 - 65*w + 363. Let t be m(-53). What is the greatest common divisor of t and 444?
111
Let o(r) = 2*r**3 - 2*r**2 + 4*r + 2. Let h be o(2). Let c be 4/(-12) - (-564)/h. Let s be (-26)/(-39) - c/(-3). What is the highest common factor of s and 44?
11
Suppose 704 = 39*c - 7*c. Suppose 0 = -7*h + 11*h - 624. Suppose -10*i = -h - 394. What is the greatest common factor of i and c?
11
Let f(v) = 18*v**3 + 5*v - 6. Let n be f(2). Let a = n + -43. Calculate the highest common factor of a and 63.
21
Let s(g) = 16*g - 2. Let p be s(5). Let x(w) = w**3 + 4*w**2 - 3*w + 4. Let z be x(-6). Let q = p + z. What is the highest common divisor of 42 and q?
14
Let z = 9 - -7. Let f be (-6)/(-9)*-27*(-2)/4. Suppose z = -f*c + 79. Calculate the greatest common factor of 7 and c.
7
Suppose -5*q + 22874 = 4*i, 136*i + 9128 = 2*q + 134*i. What is the highest common factor of q and 20?
10
Suppose -j - 6 = b - 24, 3*j - 5*b = -2. Calculate the highest common divisor of j and 3641.
11
Suppose -254*l + 291*l = 68598. Let x(g) = 19*g**3 + g**2 - 3*g + 1. Let f be x(1). What is the greatest common divisor of l and f?
18
Let q(m) = -134*m - 2. Let a be q(-1). Suppose -496*p + 502*p = a. What is the greatest common factor of 22 and p?
22
Suppose -8731 = o - 8938. Calculate the greatest common factor of 1932 and o.
69
Let j be (0 - (-22)/6)*(-1916 - -2072). Suppose -5*z = -4*z - 26. What is the greatest common divisor of j and z?
26
Let v(m) = 40*m**3 + 2*m**2 - 10*m + 8. Let x be v(4). What is the greatest common factor of 112 and x?
16
Let i(t) = -135*t - 387. Let b be i(-3). What is the greatest common divisor of b and 4338?
18
Suppose 112*s = 3491 - 803. What is the highest common divisor of s and 4572?
12
Let u be (3 - 2) + (0 - 0) + 0. Let c(m) = 227*m + 4. Let t be c(u). Suppose 12*j = 9*j + 63. Calculate the highest common factor of j and t.
21
Let c(y) = -2*y**3 - 16*y**2 + 31*y - 52. Let n be c(-10). What is the greatest common divisor of 38 and n?
38
Suppose 20*h = -c + 15*h + 63285, 0 = -2*c + 8*h + 126678. What is the greatest common divisor of 27 and c?
27
Let h(s) = -2*s**2 - 13*s - 4. Let b be h(-5). Suppose -u = -b*d + 16*d - 111, d = 4*u - 486. Let g = 12 - 1. What is the highest common factor of u and g?
11
Let r be (0 + (-4)/(-3))*(-15 + 21). Suppose r*b = 2*b + 72. Suppose -y - 4*f + 50 = 0, -5*y + f + 3*f = -130. Calculate the highest common factor of b and y.
6
Let c be 4/(-2) - (-16 + 1). Let t(i) = 4*i**2 - 79*i + 487. Let n be t(7). Calculate the highest common divisor of n and c.
13
Let h(g) = 12*g**2 - 11*g. Let j be h(9). Suppose 3*f - j = -213. Calculate the highest common divisor of f and 44.
44
Suppose 1558 = 12*q + 46. What is the highest common factor of 18 and q?
18
Suppose -71 = -4*x + 2*u + 37, -3*u + 54 = 2*x. Suppose -4*d + x = -25. Suppose -t - d*t = -1792. What is the greatest common factor of t and 32?
32
Let s(t) = 6*t - 12. Let x be s(2). Suppose 5*m = -16 - 4, x = -h + 5*m + 18. Let i be -2*(19/h - 4). Calculate the greatest common divisor of i and 3.
3
Let l be 2/4 + 26/4 + -4. Suppose -j + 268 = -4*i, -5*j - i + l*i = -1286. Let d be (6/5)/(9/240). What is the greatest common divisor of j and d?
32
Let p = 9308 + -7731. Calculate the highest common divisor of p and 152.
19
Suppose -77*x - 261 = -492. Calculate the highest common divisor of 15 and x.
3
Suppose 0 = -17*o + 1760 - 519. What is the greatest common divisor of 146 and o?
73
Let c(w) = 3*w**2 + 4*w**2 + 10*w**2 - 10 + 7*w - 5*w**2. Let x be c(4). Suppose 9*k - x = 2*k. Calculate the greatest common divisor of k and 330.
30
Suppose 2*m + 3*n + 172 = 0, -5*n = -2 - 8. Let z = 197 + m. Calculate the greatest common factor of z and 4.
4
Suppose -5*a + 15186 = -3*l - l, 0 = -10*l - 40. What is the highest common factor of a and 410?
82
Let w = -3 - 1. Let o be (-6)/w*32/24. Let k(r) = 4*r**3 - 2*r**2 - 3*r + 1. Let a be k(o). What is the greatest common divisor of a and 57?
19
Let s(t) = 15*t - 52. Let o be s(-5). Let p = 130 + o. Let k(v) = 7*v**2 + 2*v - 3. Let i be k(p). Calculate the greatest common divisor of 6 and i.
6
Suppose 377*a + 4366 = 102*a + 29391. Calculate the highest common factor of 14 and a.
7
Let g = -259 - -241. Let r = g - -90. What is the greatest common divisor of 156 and r?
12
Suppose -183*l + 435*l - 4739280 = 148*l. Calculate the highest common divisor of l and 98.
98
Suppose -a = 13 - 5. Let r be 2/a - 18/(-8). Suppose 2*b - 2*i - 122 = -0*b, 0 = 3*b + r*i - 158. What is the greatest common divisor of b and 8?
8
Let z(k) = 26*k**2 - 19*k - 100. Let w be z(-6). Calculate the highest common divisor of w and 150.
50
Suppose 32 = -4*q + 112. Suppose -13*a = 49 - 140. Let c(t) = t**3 - 6*t**2 - 2*t - 20. Let f be c(a). Calculate the greatest common factor of f and q.
5
Let o(w) = 105*w. Let t be o(6). Suppose -3*r = 4*k - 1061, -2*r - 2*k - 2*k + 710 = 0. Let d = t - r. Calculate the highest common factor of 31 and d.
31
Let f = 57 - 31. Suppose 440*v = 442*v - 4. Suppose -4*h + 3*l - v*l = -f, -4*h - 5*l + 38 = 0. Calculate the greatest common factor of 35 and h.
7
Suppose z + 33 = 3*a - 0, -3*a = 9. Let c = -36 - z. Suppose 0 = -c*d + 7*d - 15. Calculate the highest common divisor of 165 and d.
15
Suppose 4 = 4*g + b - 15, 0 = 3*g - b - 23. Let l be 3/((-45)/(-43)) - g/(-45). Calculate the greatest common factor of l and 2.
1
Let s = -120 - -116. Let q be s/(-6) - 132/36 - -554. Calculate the greatest common factor of 29 and q.
29
Let c(l) = -2*l**3 + 80*l**2 - 14*l + 11. Let h be c(6). Calculate the greatest common factor of h and 95.
95
Suppose 58800 = 205*c - 105*c. Calculate the greatest common divisor of 9 and c.
3
Suppose -6*z + 8*z - 387 = -5*n, 0 = -5*z - 3*n + 977. Calculate the greatest common factor of 3948 and z.
28
Let c = 100 + -7